are the prime factors of 10*(-1)/(-2)*a?
5
Suppose -4*m + 2*y - 4*y + 6 = 0, -3*m - 6 = -2*y. Suppose 5*i - 39 = -4*h - m*i, -24 = -2*h + 2*i. What are the prime factors of h?
11
Let a = 122 + -54. What are the prime factors of a?
2, 17
Let z = -48 + 104. List the prime factors of z.
2, 7
Let c(m) = 2*m**2 - 1. Let x be c(2). Suppose -x*d + 80 = -2*d. What are the prime factors of d?
2
Let x(a) = a + 3. Suppose -l - 4 = -3*l, -4*l - 12 = -5*d. List the prime factors of x(d).
7
Let i(o) = -19*o - 3. Let f be i(-5). Suppose -d - f = -5*d. List the prime factors of d.
23
List the prime factors of ((-18)/10)/((-11)/385).
3, 7
Let b = 49 + 3. What are the prime factors of b?
2, 13
Let y = 1 - 1. Let l(s) be the second derivative of -s**3/6 + 3*s**2 - s. List the prime factors of l(y).
2, 3
Let b(p) = p**2 + 6*p - 4. Let t be b(-7). Suppose 2 = t*n - n. List the prime factors of 8 + n + -2 + 1.
2
Let m = 7 + 66. List the prime factors of m.
73
List the prime factors of 4/18 - 2050/(-90).
23
Suppose -5*d + 540 = 5*m, -3*d - 6*m + 2*m = -326. Suppose -3*n = 4*a - 13 - d, 4*n + 2*a - 152 = 0. What are the prime factors of n?
37
Let b = 0 + 1. What are the prime factors of (-4)/12*(b - 16)?
5
What are the prime factors of 4/(-3)*(-72)/8?
2, 3
Let z = -51 + 71. Let v = 31 - 21. Let d = z - v. List the prime factors of d.
2, 5
Let l(p) = -p**2 + 6. Let j(q) = 3*q**2 - 1. Let f be j(-1). Suppose -f*n = 2*n. What are the prime factors of l(n)?
2, 3
Suppose 29 - 9 = 5*l. Suppose -l*s + 7 = -53. List the prime factors of s.
3, 5
Suppose 0 = -4*x + 4*v - 104, 2*v + 70 = -3*x - 18. Suppose 4*w = 5*j - 83, 2 = 5*w - 6*w. List the prime factors of x*(3 - j/4).
3, 7
Suppose -205 = -3*d + 305. Suppose 4*b - d = -5*i, 0 = i + 2*i + 3*b - 102. List the prime factors of i.
2, 17
Let q = 8 - 6. Suppose 0 = q*g - 5*w - 20, -50 - 14 = -3*g - w. What are the prime factors of g?
2, 5
Let s = -4 + 4. Suppose s = 4*o - 0 - 116. What are the prime factors of o?
29
Suppose 2*i - 4*h - 18 = h, 4*i + 5*h - 66 = 0. Suppose i = 3*t - 2*t. List the prime factors of t.
2, 7
Suppose -4*h - 44 = -4*k, 0*k + 2*k - 1 = -5*h. What are the prime factors of (k + -18)*(-1 - 2)?
2, 3, 5
Suppose 4*w - 3*r = 2*w + 20, -5*r - 20 = 0. What are the prime factors of (w/6)/((-4)/(-138))?
23
Suppose 2*u - 42 = -0*u. What are the prime factors of u?
3, 7
Let p(l) = l**3 + 7*l**2 + 8*l + 7. Let a be p(-6). Let d = 10 + a. Let t = d - 1. What are the prime factors of t?
2
Suppose 0*w + 5*w = 0. Let u = w - -2. List the prime factors of u.
2
Suppose -4*v - 39 = -335. List the prime factors of v.
2, 37
Suppose u + 3 - 4 = 0. Suppose -u = a - 4. List the prime factors of a.
3
Suppose 4*b - 3*s + 0*s - 15 = 0, 0 = b + 4*s + 20. Suppose 3*w - 3*t - t + 2 = b, w + 3 = -t. List the prime factors of w - (-3 + -2 + -1).
2
Let o(m) = -m**2 - 5*m + 3. Suppose 5*x + 13 = 3*k, -3*x - 2*k + 3*k - 11 = 0. Let i be o(x). Suppose -2*d + i + 15 = 0. List the prime factors of d.
3
Let d(p) = 10*p**2 + 11*p. Let n(o) = -3*o**2 - 4*o. Let b(i) = -2*d(i) - 7*n(i). Let q be b(-6). Let a = 3 - q. What are the prime factors of a?
3
Suppose -207 = -3*l - z, -2*z - 103 = -2*l + 43. List the prime factors of l.
2, 5, 7
Suppose 160 = -h + 6*h. Suppose -3*x + 2*x + h = 0. Suppose 2*c + x = 6*c. List the prime factors of c.
2
Suppose 22*i + 209 = 2519. List the prime factors of i.
3, 5, 7
Suppose 3*t + 5*q = 4*t - 11, -t - 9 = 5*q. Suppose -2*j + t = -5. What are the prime factors of j?
3
Suppose 176 = 4*d - 4*t, -d + 3*t - 1 = -49. What are the prime factors of d?
2, 3, 7
Let o(u) = u**2 - 3*u + 2. Let q be o(3). Let i be q/((-2)/1 - -4). Let d = i - -7. What are the prime factors of d?
2
Let j = 54 + -33. What are the prime factors of j?
3, 7
Let i(u) = -7*u**2 - 6. Let o(r) = 3*r - 2. Let s be o(2). Let b(y) = 6*y**2 + y + 5. Let h(x) = s*b(x) + 3*i(x). List the prime factors of h(-3).
17
Let v = -3 - -6. Suppose -3*r = 2*r. Suppose 8*l - v*l - 5 = 0, -2*u - l + 19 = r. List the prime factors of u.
3
What are the prime factors of (-3)/(1/(-6 - 3))?
3
Let u = 9 + -7. Suppose -5*l - 7 = -3*m + 2*m, -72 = -3*m - u*l. Let s = m + -14. What are the prime factors of s?
2
Suppose 4*b - 4*c = 0, 0*b - 4*c + 5 = b. Let u(h) = 2*h + 1. Let i be u(6). Let y = i - b. What are the prime factors of y?
2, 3
Let v(i) = -3 - 9 + i + i**2 + 7*i. List the prime factors of v(-10).
2
Let g = -292 - -449. What are the prime factors of g?
157
Let y = -40 + 67. Suppose -107 = -5*i - y. What are the prime factors of i?
2
Let g(v) = -16*v + 44. List the prime factors of g(-9).
2, 47
Let u = 8 + -4. What are the prime factors of (u/(-12))/((-1)/30)?
2, 5
Let t(s) = 2*s**2 - 5*s + 80. List the prime factors of t(0).
2, 5
Let j = -155 + 289. List the prime factors of j.
2, 67
Let x be -1 + 4 + (-224)/(-7). Suppose -l = 2*k + 3*l - 32, -2*k - l + x = 0. List the prime factors of k.
2, 3
Let z be (-12)/(-2) + -1*3. Suppose z*o - 75 = -2*o. List the prime factors of o.
3, 5
Let g be (0 + 2 + -4)/(-2). List the prime factors of (-112)/(-12) + g/(-3).
3
Let u(t) = -t + 12. Let j(f) = -f - 6. Let k be j(-6). Let c be u(k). Let a = 23 - c. What are the prime factors of a?
11
Let k(i) = 4*i**3 + 32*i**2 + 40*i - 9. Let c(y) = -y**3 - 8*y**2 - 10*y + 2. Let d(z) = 9*c(z) + 2*k(z). What are the prime factors of d(-7)?
3, 7
Let x(q) = 9 + 7 + q**3 + 2*q + 3 + 0*q**3. What are the prime factors of x(0)?
19
Let k(s) = 10*s**3 - 2*s**2 + 7*s - 12. Let q(p) = 3*p**3 - p**2 + 2*p - 4. Let d(n) = 2*k(n) - 7*q(n). List the prime factors of d(3).
2
Suppose 0*s - 2*s = -272. What are the prime factors of (-2)/(-4) - s/(-16)?
3
Suppose 6*x = 11*x - 45. What are the prime factors of x/15 + 204/10?
3, 7
Let j be 0*1/4 + 4. Suppose -4*h = x - 57, -2*x + x - 47 = -j*h. What are the prime factors of h?
13
Let c = -1 + 2. Let j = c - -12. Let q = j - 2. List the prime factors of q.
11
Let w(v) = -8*v**2 - 15*v - 1. Let g(k) = 3*k**2 + 5*k. Let z(f) = 11*g(f) + 4*w(f). Let m be z(6). Suppose 0 = 5*j - m*j - 9. List the prime factors of j.
3
Let p(u) = 45*u + 13. Let h(y) = 11*y + 3. Let q(s) = -9*h(s) + 2*p(s). Let v be q(-1). List the prime factors of 4/(4 + -2) + v.
2, 5
Let l(q) = q**3 + 10*q**2 - 7*q - 21. List the prime factors of l(-9).
3, 41
Let o(k) = -k + 7. Let c be o(-6). Let n = c + 9. List the prime factors of n.
2, 11
Let p = 1 - -3. Suppose 38 = 5*d - 4*l, -16 = -3*d + 3*l - p*l. What are the prime factors of d?
2, 3
Suppose 3*y - 4*y = 0. List the prime factors of y + (31 - (-2)/2).
2
List the prime factors of (-2)/11 - (-6919)/121.
3, 19
Let q = 0 - -2. Let k(d) be the first derivative of d**3 - 3*d**2/2 + 1. List the prime factors of k(q).
2, 3
Suppose 43*w = 38*w + 420. What are the prime factors of w?
2, 3, 7
Let g be -11*(-1 + (1 - -1)). Let u(m) = m**2 + 10*m + 4. List the prime factors of u(g).
3, 5
Let l(v) = -34*v - 1. What are the prime factors of l(-2)?
67
Let r(u) = u**3 - 4*u**2 - 5*u + 6. What are the prime factors of r(5)?
2, 3
Suppose n = -2*n. Suppose n = -5*r + r + 40. List the prime factors of r.
2, 5
Suppose r + 0*r = 3*c - 7, -4*c + 3*r + 1 = 0. Suppose 3*z + 0 - 27 = 0. Suppose 41 = c*v + z. What are the prime factors of v?
2
Let s be 1*(1 + (-2 - -1)). Suppose 2*z - 4*z - 4 = s. Let f(k) = k**2 + k + 1. List the prime factors of f(z).
3
Let z = -30 + 55. List the prime factors of z.
5
Let u(v) = -3*v + 4. Let r(t) = 5*t - 7. Let k(s) = -6*r(s) - 11*u(s). Let x be k(5). List the prime factors of x + (4 - (-2)/(-1)).
3, 5
What are the prime factors of ((-208)/(-10))/(8/20)?
2, 13
Suppose -2 - 8 = -v - 5*z, 5 = -5*z. List the prime factors of v/(-1)*4/(-10).
2, 3
Suppose 0 = 5*i + 5. Let h = i - -2. List the prime factors of (-1)/(-1) + h - -3.
5
Let k be (-1 + (-9)/(-6))*-6. What are the prime factors of (-15)/k + 0 - -2?
7
Let b(q) = q**2 - 2*q - 5. What are the prime factors of b(4)?
3
Let q(l) = -21*l - 16. What are the prime factors of q(-10)?
2, 97
Suppose -3*q - 2*q - 7 = -2*o, -o = -3*q - 3. Let u(d) = d**3 - 7*d**2 + 10*d - 6. What are the prime factors of u(o)?
2, 3
Suppose 0 = 2*c + 2*w + 2*w - 454, -c + w + 230 = 0. What are the prime factors of c?
229
Let g = 6 + -1. Suppose 6*u - u - 60 = -g*k, 0 = -3*k + 2*u + 51. What are the pri